se b = 2*o - 9, 3*o + 0*o - 16 = 2*b. Let v(c) be the second derivative of c**3/6 - 7*c. Let t(w) = 3*w - 1. Let y(s) = -t(s) + 6*v(s). What is y(b)?
-14
Let b(j) = 2*j**2 + 8*j - 4. Let k(i) = 81*i - 493. Let u be k(6). What is b(u)?
38
Let k(c) = 12 + 2066*c - 4131*c + 2067*c. Calculate k(-4).
4
Let g(i) = i + 4. Let k(o) = -3*o + 0 - 7 + 6*o - 8. Let w be k(6). Let n be -4 + 1 - (4 - w). Give g(n).
0
Let h(f) = -2*f + 3. Suppose 4*c - 4*t + 3*t + 51 = 0, -2*c = 3*t + 15. Let i(u) = 9*u - 2*u**2 - 16 + 3*u**2 + 2*u. Let l be i(c). What is h(l)?
11
Let t(k) = -3056*k - 3078*k + 7*k**2 - k**3 - 30 + 6155*k. What is t(9)?
-3
Let b(f) be the second derivative of -13*f**3/6 - f**2 + 47*f - 2. Give b(-2).
24
Let i(r) = r**2 + 14*r + 17. Let p be i(-13). Let x(o) be the second derivative of 0 - 5/2*o**2 - 1/20*o**5 + 4*o + 1/2*o**p - 1/3*o**3. Give x(5).
10
Let h(x) = x**2 - 16*x + 1. Let c = 332 - 316. Calculate h(c).
1
Let r(q) = q**2 - 22*q + 53. Let x be r(3). Let g(h) = -h**3 - 5*h**2 - 2*h - 6. Calculate g(x).
-14
Let h(k) = 5*k**2 - 3*k + 1. Let q = -60 + 63. Suppose -5*y + 4 = 2*g, 3*g + q*y - 6 = 4*y. What is h(g)?
15
Let z be ((-4)/2)/(-6) + 330/90. Let g(f) = -6*f - 4. Calculate g(z).
-28
Let k(q) = q**2 - 6*q + 3. Let f = -149 - -154. Determine k(f).
-2
Let o(p) = 7*p + 14. Let g = 40 + -46. Let d(y) = -y + 1. Let k(c) = 2. Let v(f) = d(f) - k(f). Let u(b) = g*v(b) - o(b). Give u(-6).
-2
Let q(l) = 10*l - 53. Let x be q(6). Let s(a) = a**2 + a - 3. What is s(x)?
53
Let m(t) = 2*t - 12. Let h(q) = 3*q - 19. Let l(p) = -3*h(p) + 5*m(p). Determine l(-2).
-5
Let v(c) = c**3 + 3*c**2 - 6*c - 2. Let m be v(-4). Suppose m*o - 13 = 11. Let l(g) = -g + 4. Give l(o).
0
Let x(k) be the second derivative of k**5/2 - k**4/12 - k. Let c be (354/15)/(12/30). Let p = c + -60. What is x(p)?
-11
Let w(c) = -c. Let l(d) = 11*d - 3. Let f(n) = l(n) + 6*w(n). Calculate f(3).
12
Suppose 0 = -d - 17*d - 54. Let v(c) = -11*c - 4. What is v(d)?
29
Let h(t) be the second derivative of -t**5/20 + t**3/3 - t**2 + 53*t. Give h(-2).
2
Suppose -3*w + 5*q - 5 = -4*w, 0 = -5*w + 5*q + 55. Suppose 4*i - w = 2. Let r(a) = -a**2 + a - 4. Calculate r(i).
-10
Let v(w) = -7*w + 7. Let c(o) = 3*o - 3. Let h(z) = 2*z**3 + 2*z**2 + 3. Let y be h(-2). Let m(k) = y*c(k) - 2*v(k). Give m(0).
1
Let n(k) = -11*k**2 + 17*k**2 + 11*k**3 - 2 - 12*k**3 + 3. Give n(6).
1
Suppose v = -3*p + 30, 2*v + 4*p - 80 = -30. Suppose -39 = -4*o + 45. Let i = o - v. Let u(k) = -k**3 + 6*k**2 + k - 8. What is u(i)?
-2
Let l(i) = -5*i + 2*i**2 - 137 + 73 + 69. Determine l(4).
17
Let d(v) = 7*v + 37. Let j = -29 + 22. Determine d(j).
-12
Let u(l) be the second derivative of l**5/20 - 11*l**4/12 + 5*l**3/3 + 3*l**2 + 416*l. Calculate u(10).
6
Let n(i) = -i**2 + 6*i + 2. Suppose -3*o = -4*z + 5, 3*z - 5 = 2*o - 0. Give n(z).
7
Let b be 3/3 - (-6 - 0). Suppose -4*h = -b - 17. Suppose 0*w = h*w - 24. Let o(d) = -d + 2. Calculate o(w).
-2
Let v(p) = 8*p**3 - p**2 - 2*p - 1. Let o(b) = -b**2 - 44*b - 124. Let s be o(-41). What is v(s)?
-8
Let p be (-12)/90 - (-227)/15. Suppose -2*b - 13 = -3*w, -5*w + 5*b + p = -0*w. Let g(k) = w - 2 + k - 4. Calculate g(2).
3
Let m = 319 + -312. Let q(k) = k - 9. Give q(m).
-2
Let t(x) = x**2 - 2*x - 1. Let o = 9 + -7. Let j(g) be the third derivative of g**5/60 + g**4/24 + 10*g**2. Let b(f) = o*j(f) - t(f). What is b(-3)?
-2
Suppose 0 = -x - n - 8, 0 = -5*x - n - 28. Let l(t) = -t**2 - 5*t - 3. Let z be l(x). Let h(b) = 4*b**2 - 3*b**2 + 3*b + 0 - 4. Give h(z).
-4
Let y(d) be the third derivative of -d**5/60 + d**4/24 - d**3 - 3*d**2 - 10. What is y(0)?
-6
Let v(m) = m**2 - 15*m + 4. Let k(j) = j**3 + 6*j**2 - 24*j - 51. Let u be k(-8). What is v(u)?
-22
Let m(z) = -z**2 - 16*z + 4. Let j(f) = f**3 + 13*f**2 + 30*f - 16. Let v be j(-10). What is m(v)?
4
Suppose -24 = 2*f - 3*d - d, -4*f - 18 = -2*d. Let u be (f + (-10)/(-6))*27. Let m(s) = -s**3 - 10*s**2 - 9*s - 8. What is m(u)?
-8
Let s(c) = -c**3 - 17*c**2 - 17*c - 8. Let y be s(-16). Let v(l) = -4*l**2. Let d(o) = -11*o**2 - o + 1. Let t(a) = y*v(a) - 3*d(a). What is t(-3)?
-3
Let m(i) be the second derivative of -1/6*i**3 + 16*i - 3/2*i**2 + 0. Give m(0).
-3
Let u = 31 - 29. Let m(k) = 6*k**2 - k**3 + 6*k**u - 3*k**2 + 11 - 8*k. Let q be -2 + 1 + (-18)/(-2). Calculate m(q).
11
Let k(v) = 3*v**3 + 2*v**2 - v - 1. Let d be k(1). Let g(m) = d + m - 8 + 3. Calculate g(3).
1
Let c(m) = -m**2 - 6*m - 8. Let z be (-10)/(-155) - (-1316)/(-217). Determine c(z).
-8
Let p(g) = -4*g**2 + 9*g**2 + 8*g - 98749 + 98743 - g**3. Calculate p(6).
6
Suppose -2*r + r = -5. Let b(w) = 3*w - r - w**3 + 2 + 5 - w**2. Determine b(-3).
11
Let q(t) be the second derivative of -24*t + t**2 + 1/20*t**5 - 11/12*t**4 + 11/6*t**3 + 0. Determine q(10).
12
Suppose 2*y - 5*y + 99 = 0. Suppose y = 2*b + 2*r + 3*r, 2*b - 3*r + 7 = 0. Let o(q) = q**3 - 3*q**2 + 3 + 0*q**2 + 2 - 3*q. Determine o(b).
9
Let u(f) = 2*f + 8. Let a be u(-5). Let c be (a/4)/((-3)/24). Let d(p) = 7*p**2 + 30 - c*p**2 - 27 + p + p**3. Give d(-3).
0
Let t(o) = -82 - 4*o**2 + 2*o**2 + 253 + 48*o - 89 - 80. Determine t(24).
2
Suppose 0 = d + 14 - 17. Let i(m) = 0 - d + 1294*m - 1296*m. What is i(-4)?
5
Let q be (-2 - (-176)/(-3))/(70/(-105)). Let j = 97 - q. Let a(u) = -1 - 6*u**2 + 3*u - 2 + u**3 - 4. Calculate a(j).
11
Let n(i) = 697*i - 9 - 347*i - 349*i. Determine n(0).
-9
Let r(d) = d - 69. Let l be r(51). Let s(b) = b**2 + 19*b + 6. Calculate s(l).
-12
Suppose -5*c + 5*z = -10, 6*c - 4*c - 3*z - 9 = 0. Let i(u) = -u**3 - 4*u**2 + 3*u + 7. Determine i(c).
-11
Let l = 7 - 4. Suppose l*n + 8 = -5*a, -3 - 1 = a. Suppose -3*y + 4*j + n = 0, -2 = 2*y - 3*j - 6. Let p(d) = d**2 + 6*d + 4. Determine p(y).
-4
Let a(r) = -6*r - 87. Let i be a(-14). Let d(m) = -m**2 + 2*m + 4. Give d(i).
-11
Let k(c) = c - 11. Let q be k(8). Let r = q - -3. Let d(m) be the third derivative of -m**5/60 - m**4/24 - m**3/2 - 2*m**2. What is d(r)?
-3
Let s(q) = -q**2 - 7*q - 5. Let h be s(-6). Let i(l) be the first derivative of 0*l + 1/2*l**2 - 21 - 2*l**3. What is i(h)?
-5
Let d(p) = -p**3 - 2*p**2 + 2*p + 4. Suppose -172 = -4*a - 160. Suppose a*g - 15 = z, -2*z + 5 = 3*z + 5*g. What is d(z)?
7
Let s(h) be the second derivative of -h**5/20 + h**4/3 - h**3/6 - h**2 + 7*h. Let l be s(3). Let k(x) = -x**3 + 0*x**3 - 8*x**2 + l*x**2 - 3*x. Calculate k(-4).
12
Let i(g) = -2*g**2 - 6*g. Let r(p) = -3*p**2 - 7*p + 1. Let d(z) = 4*i(z) - 3*r(z). Let n be (1 - -2)*(-7)/(-3) - -1. Let a be n/7*(-63)/(-18). Determine d(a).
1
Suppose 22*i - 18*i + 68 = 0. Let o(j) = -j**3 - 16*j**2 + 16*j - 20. Determine o(i).
-3
Let y(h) = 2*h**2 - 2*h - 1. Let m(l) = -l**2 + 5*l. Let u(a) = -m(a) - 2*y(a). Determine u(3).
-28
Let z(i) = 2*i**3 - 7*i**2 - 15*i - 13. Suppose -9*u = -11*u - 12. Let r(h) = -h**3 + 3*h**2 + 7*h + 6. Let v(o) = u*z(o) - 13*r(o). Calculate v(-4).
-12
Let m(r) be the second derivative of 1/6*r**3 + 0 - 11/6*r**4 + 0*r**2 - 33*r. What is m(-1)?
-23
Let f(y) = 2*y + 15. Let p be f(-11). Let z be (-2)/p - 80/(-14). Let r(v) = -v**2 + 7*v + 4. Calculate r(z).
10
Let j = 6 + 12. Let o(i) = 7 - 4 - 6 + 10*i - j*i. Give o(3).
-27
Let a(i) be the first derivative of i**4/4 - i**3/3 - i + 25. Let k(v) = -6*v**3 + 10*v**2 + 7*v - 4. Let h(z) = 5*a(z) + k(z). Give h(6).
-3
Let n(i) = -96*i + 198*i + 7 - 97*i. Give n(-6).
-23
Suppose -x + 3*x + 2 = 0. Let v(d) be the third derivative of -1/6*d**3 - 1/24*d**4 + 35*d**2 + 0 - 2/15*d**5 + 0*d. Determine v(x).
-8
Let w(a) = 122 - 368 + 5*a + 108 + a**2 + 119. What is w(-7)?
-5
Suppose 5*n + 30 = -4*y, 5*y - 3*n = -55 + 73. Let j(s) = -s + 1 - 4 + 7. Calculate j(y).
4
Let n(j) = j + 39. Let y(i) = 6*i + 159. Let c(b) = 9*n(b) - 2*y(b). What is c(15)?
-12
Let v = -490 - -491. Let w(u) = 9*u - 2. Determine w(v).
7
Let s(z) be the first derivative of z**4/4 + 4*z**3/3 - 3*z**2/2 + 4*z - 644. What is s(-5)?
-6
Let x be 102/13 - 6/(-39). Let t(c) = 3*c + 5 + c**2 + 9 - x + c. Give t(-4).
6
Let u(o) be the second derivative of 2*o + 0 + 7/12*o**4 - 1/20*o**5 + 4/3*o**3 + 1/2*o**2. Let x be u(8). Let h(z) = 2*z**2 + 1. Give h(x).
3
Let r(x) = 4*x - 1 - 1 - 3*x**2 - x**3 - 8*x + x. Let o be (1 + 21/(-12))*4. Let a = 0 + o. What is r(a)?
7
Let c(z) be the third derivative of -z*